 + 2*j + 19 = 4*z. Is 3/2*(-1142)/j a prime number?
True
Suppose -3*y + 0 = -12, -4*o = 2*y + 28. Let t(k) = -7*k**2 + 2*k**3 + 11*k - 8 + k**3 - 4*k**3. Is t(o) a composite number?
True
Let z = -17 - -20. Suppose 0*o = 2*o + z*g + 4, -2*o + 5*g = -28. Suppose -o*s + 12 = 0, -4*s + 1067 = v + 4*v. Is v composite?
False
Suppose -4*n + 3*n - 1281 = 4*i, 2*n + 2502 = 4*i. Let b = 2138 + n. Is b composite?
False
Let w(d) = 3*d**2 + 7*d - 1. Let b be (2 + 4)*(-2)/3. Let v = 9 + b. Is w(v) a prime number?
True
Suppose -89453 = 69*z - 76*z. Is z a prime number?
False
Suppose -4*w - 3*v = -248825, -3*w + 41*v = 43*v - 186619. Is w composite?
False
Let y(f) = -f - 7. Let t be y(-10). Is t/((-60)/1585)*-4 a composite number?
False
Suppose -20535 = -13*k + 16606. Is k a prime number?
True
Suppose -4*h - 24 = -2*k, 4*h + 1 = -2*k - 7. Is ((-12)/h + -65)*(-1)/2 a composite number?
False
Let w be -7 - -4 - (0 - 1580). Let m(x) = 111*x + 1. Let g be m(1). Let c = w - g. Is c a composite number?
True
Let z = 21 - 19. Suppose -j - z*j = -447. Is j a prime number?
True
Suppose 8*d - 70858 = -1042. Is d prime?
False
Suppose 51*i - 11669 = 50*i. Is i a prime number?
False
Let h = 2708 - 2475. Is h a prime number?
True
Let u(f) = -597*f**3 + 3*f**2 - 10*f - 17. Is u(-2) a composite number?
True
Suppose 1753 = m - 2*k - 10082, -m + 3*k + 11839 = 0. Is m a composite number?
False
Suppose 0 = -2*x + 1 + 57. Suppose 4*u + x = -27. Let p(i) = i**3 + 16*i**2 + 15*i + 19. Is p(u) composite?
True
Let t be 5*-12*(-108)/5. Suppose -12*k + t = -132. Is k prime?
False
Suppose -5*m + 23 = -2. Suppose -k + 792 = -m*k. Let o = -133 - k. Is o a prime number?
False
Suppose 0 = -74*h + 44*h + 79590. Is h composite?
True
Let h = 26163 - 11406. Is h a prime number?
False
Let l = 23015 + -11758. Is l prime?
True
Let k(y) = y**3 + 7*y**2 + 9*y - 2. Let c be k(-4). Suppose c*w = 1352 - 162. Is w composite?
True
Suppose -4*v - 4 = 0, -4*d + 0*d = 3*v + 23. Let w be 1/(-4) - d/4. Is 159 - (w + -3 + 4) a prime number?
True
Suppose -9 = -3*q - 5*b + 12, 3*b = q - 7. Suppose -q*k + 2*t = -2*k - 2217, -2*k - t = -885. Is k prime?
True
Let c(p) = 86*p**3 + 11*p + 9. Is c(4) a prime number?
True
Suppose 11*b + 4*w = 8*b + 220467, 3*b = -3*w + 220470. Is b a composite number?
True
Let c(b) = 239*b**2 - 15*b - 3. Is c(-2) prime?
True
Suppose -8*s + 12*s = 0. Suppose -5*w = -4*w + p - 322, -4*w - 3*p + 1290 = s. Let n = -209 + w. Is n prime?
False
Suppose -3*m + 7049 = -4918. Is m prime?
True
Let k be 3 - 4 - (1 - 0). Is (-53)/(0 - k/(-34)) prime?
False
Let z(p) = 284*p + 9. Let g be z(10). Let j = g - 1594. Is j a composite number?
True
Suppose 0*z = 8*z - 6720. Suppose 0 = 5*n + 25, 0 = 5*o - n + 50 - z. Is o composite?
False
Suppose -5*t + 47884 = 5*j - 24266, -2*j = 3*t - 28861. Is j a composite number?
True
Let h be (6/18)/(2/30). Suppose -h*p + 1355 = -1250. Is p a prime number?
True
Let n(c) = -c**3 + 6*c**2 + 7*c + 2. Let y(i) = 7*i. Let s be y(1). Let w be n(s). Suppose -586 = -4*g + w*g. Is g prime?
True
Let i(q) be the first derivative of 93*q**2/2 - q + 1. Is i(6) composite?
False
Suppose -11*n = 11*n - 131318. Is n prime?
False
Suppose 0*n - 3*n + 5*s = -32, 3*n + 8 = -5*s. Suppose 2*d - 5*d - 4*j - 4972 = 0, 4*j = 3*d + 4940. Is ((-6)/n)/(6/d) composite?
True
Suppose -5 = -3*h + 7. Suppose 2*p + 2*z - 952 = 4*z, h*p - 2*z = 1914. Is p a prime number?
False
Let d = 15270 + 2197. Is d a composite number?
False
Let a(v) = 14*v**2 + 34*v + 83. Is a(24) prime?
True
Let p = 3696 + -2437. Is p a prime number?
True
Let a(r) = 856*r + 51. Is a(22) a prime number?
False
Suppose -20*x = -4*t - 18*x + 47450, 5*t = -2*x + 59299. Is t a prime number?
False
Suppose 4*z + 1190 = -z. Let t = -81 - z. Is t prime?
True
Is 7*((-11593)/(-7) - 2) a prime number?
True
Suppose 0 = -8*f + 6063 + 1145. Is f a prime number?
False
Suppose -52*s + 65*s = 379171. Is s a prime number?
True
Suppose 2*r = -5*t + 21557, 5*r - 10077 - 43829 = t. Is r a prime number?
True
Suppose 10*m = 370857 + 261813. Is m composite?
True
Let w be 1/4 - 2106/8. Suppose 0 = -45*b + 46*b - 378. Let z = w + b. Is z prime?
False
Suppose -13 = -4*k + 16*j - 13*j, -k = -4*j. Is (-3 - -5)/(-2)*(-17 + k) a prime number?
True
Let s(t) = -t**3 - 11*t**2 + 9. Let w be s(-11). Is (1677/w)/((-5)/(-15)) prime?
False
Let w(z) = 6*z**2. Let k be w(1). Let a be (4 + (-4 - 0) + 3)*1. Is 44/(a/k*4) a prime number?
False
Let r(d) = -d**3 + 7*d**2 + 3. Suppose 0 = -5*a + 4*a + 7. Let z be r(a). Suppose 0 = 2*f - z*f + 123. Is f a composite number?
True
Suppose -4*j = -2*p + 212, 3*j - 130 = -p - j. Is p/12*1*86*1 prime?
False
Let v(r) = -7*r + 77*r + r - 19 + 64*r. Is v(4) prime?
True
Suppose -3*p - 16 = -5*p. Is 130 + 2*(-4)/p a prime number?
False
Let w(n) = n + 2. Let f be w(2). Suppose -3*v = -4*u + 14, -f*v - 3 = -3*u + 11. Suppose 5*c - k = -6*k + 235, 0 = u*c + 3*k - 92. Is c a composite number?
True
Suppose -563 = 3*q + 205. Let j = q + 551. Is j a prime number?
False
Suppose 0 = 2*y - 2*o + 6, -2*y = -5*y - 4*o + 26. Let w be ((-29)/3)/(1/12). Is ((-3)/2)/(y/w) composite?
True
Let g(k) = k**3 + 6*k**2 - k. Let x be g(-5). Let v = x + -26. Suppose -3 = -h + v. Is h a prime number?
True
Let b be (-7)/7 - 1251/(-3). Let r = 835 - b. Is r composite?
False
Let n be ((-5)/2)/(-5)*8. Suppose -n*b + 38 = -662. Let t = 28 + b. Is t prime?
False
Let g = -160 - -169. Let r(x) = 45*x**2 + 8*x - 8. Is r(g) a prime number?
True
Let o = 25 + -23. Is (-11557)/(-26) - o/(-4) composite?
True
Suppose 2*g + 15 = -3. Is (-8397)/g*(-2)/(-2) composite?
True
Let h(g) = -g**3 + 31*g**2 + 5*g - 49. Is h(22) composite?
True
Is (-6)/4*(-20190)/45 a composite number?
False
Let o = 70646 - 13567. Is o a prime number?
False
Let s = 0 - -5. Suppose 6*h = h + s. Is 52/h - (-1 + 2) prime?
False
Let w be 1*3/3*-1. Let g be w/3 - 48/(-9). Suppose 0*o + g*o = 295. Is o a composite number?
False
Let b be 13/(-2)*(-7 - -5). Suppose -b*l + 8*l = 0. Is 469/14*(l + 2) a composite number?
False
Suppose 3*i = 5*t + 16, 5*i = -3*t - 42 + 12. Let r be (i - -2)/(1/(-3)). Suppose 0*a = -a + r*l + 92, 0 = 3*a - 5*l - 272. Is a prime?
True
Suppose 13211 = 9*n + 2*n. Suppose -x + 2*p + 393 = 0, 2*x - 5*p + n = 5*x. Is x a prime number?
True
Is (-5 + 2)*7789/(-3) a prime number?
True
Let h(w) = w + 11777. Is h(0) composite?
False
Let f(j) = 882*j**2 - 5*j - 2. Let r be f(-1). Suppose -10*o + 7*o + r = 0. Is o a prime number?
False
Suppose 9*d - 14 = 2*d. Suppose l = -4*f + 820, -f - d*l + 311 = 113. Is f a composite number?
True
Let w = 56 - 49. Suppose 3345 + 6469 = w*i. Is i a prime number?
False
Let t(r) = -51*r - 2. Let a be ((-128)/(-80))/((-2)/10). Let i(g) = -g**2 - 7*g + 4. Let k be i(a). Is t(k) a prime number?
False
Suppose -3*u + 2*k + 1460 = 0, 3*u - 1461 = -0*u + 3*k. Let j = -263 + u. Is j a prime number?
True
Suppose 5*p - 58 = 77. Suppose 15 = 3*g + 2*o, 2*g = 7*g + 4*o - p. Suppose -2*l - g*h + 107 = 3*l, -3*l - 5*h + 77 = 0. Is l prime?
True
Let h(r) = r**3 + r**2 + 16*r + 23. Is h(9) composite?
False
Let i(l) = -3*l**3 + 11*l**2 + 9*l + 5. Is i(-6) prime?
False
Let l be ((-18)/(-12))/((-1)/(-18)). Suppose l - 3 = 4*x. Suppose -708 = -x*i + 2*i. Is i a composite number?
True
Suppose 0 = -m + f + 1434, 0 = m - 3*f - 1691 + 265. Is m prime?
False
Let i(y) be the second derivative of y**4/12 + 2*y**3/3 + 2*y**2 + 4*y. Let n be i(-4). Suppose 0 = -5*l - n*m + 237, -m = l + 4*l - 243. Is l composite?
True
Is 1*((-70777)/(-77) + (-8)/44) a composite number?
False
Suppose -m + 2*m - 11086 = -z, -3*z + 3*m + 33228 = 0. Is z a prime number?
False
Let k(g) be the second derivative of 2*g**3/3 + 3*g**2/2 - 3*g. Let c(p) = 11*p + 10. Let v(z) = -6*c(z) + 17*k(z). Is v(15) prime?
False
Is 1/(-2) + (-147017)/(-86) composite?
False
Let w = 151 - -506. Let k = w + -449. Suppose 6*v = k + 2. Is v a composite number?
True
Suppose 5*q - 2*m - 4 = 0, 3*q + 1 = 3*m - 2. Suppose -q*i = -2*y + 2, -3*y + i = -i - 6. Suppose y*x - 1192 = 292. Is x a prime number?
False
Let t(z) = z**3 + 4*z**2 - 3*z - 4. Let f be t(-4). Suppose f*l - 3556 = 2404. Is l a prime number?
False
Suppose i - 5*q - 289 = 0, 11*q - 5 = 6*q. Suppose 2*x + 64 - i = 0. Is x a composite number?
True
Let x(m) = m**2 + 3*m + 919.